{"id":146,"date":"2018-06-23T11:00:58","date_gmt":"2018-06-23T09:00:58","guid":{"rendered":"https:\/\/eloasminbarden.de\/shop\/?post_type=product&#038;p=146"},"modified":"2025-10-06T12:35:18","modified_gmt":"2025-10-06T10:35:18","slug":"pilgerreise-2013-mp3","status":"publish","type":"product","link":"https:\/\/eloasminbarden.de\/shop\/produkt\/pilgerreise-2013-mp3\/","title":{"rendered":"Pilgerreise  MP3 (2013)"},"content":{"rendered":"<p>Pilgerreise (2013)<\/p>\n<p>Das vorliegende Album ist ein Reisetagebuch durch dreizehn Jahre Barden-Sein oder Nicht-Sein. Es enth\u00e4lt sechs Lieder, die auf dem Fest der B\u00e4ume 2008 spontan und mit aller damit verbundener Unvollkommenheit aufgenommen wurden und findet seinen H\u00f6hepunkt im Immergr\u00fcn-Lied, welches als 7. Lied die eigentliche Pilgerreise darstellt.<\/p>\n<p>Nach Eingang der Zahlung erhalten Sie eine Mail mit dem Download-Link. Bei Zahlung per Paypal erhalten Sie diese Email direkt nach Zahlungsabwicklung, bei \u00dcberweisung kann es ein paar Tage dauern. Sie k\u00f6nnen die Datei dann 30 Tage lang herunterladen.<\/p>\n<p>\/\/<\/p>\n","protected":false},"excerpt":{"rendered":"<p>Pilgerreise MP3 (2013)<\/p>\n<p>Jens Eloas Lachenmayr &amp; Die Neuen Barden<\/p>\n","protected":false},"featured_media":145,"template":"","meta":[],"product_cat":[42],"product_tag":[],"_links":{"self":[{"href":"https:\/\/eloasminbarden.de\/shop\/wp-json\/wp\/v2\/product\/146"}],"collection":[{"href":"https:\/\/eloasminbarden.de\/shop\/wp-json\/wp\/v2\/product"}],"about":[{"href":"https:\/\/eloasminbarden.de\/shop\/wp-json\/wp\/v2\/types\/product"}],"wp:featuredmedia":[{"embeddable":true,"href":"https:\/\/eloasminbarden.de\/shop\/wp-json\/wp\/v2\/media\/145"}],"wp:attachment":[{"href":"https:\/\/eloasminbarden.de\/shop\/wp-json\/wp\/v2\/media?parent=146"}],"wp:term":[{"taxonomy":"product_cat","embeddable":true,"href":"https:\/\/eloasminbarden.de\/shop\/wp-json\/wp\/v2\/product_cat?post=146"},{"taxonomy":"product_tag","embeddable":true,"href":"https:\/\/eloasminbarden.de\/shop\/wp-json\/wp\/v2\/product_tag?post=146"}],"curies":[{"name":"wp","href":"https:\/\/api.w.org\/{rel}","templated":true}]}}